l = 6 - 6. Suppose 2522 = 3*d - l*q - q, -3*d + 2537 = -4*q. Suppose 2*y - 75 = d. Is y a composite number?
False
Let s(z) = -6*z - 57. Let l be s(-10). Suppose -11*m + 14*m - 99145 = 2*b, l*m = -4*b + 99151. Is m a prime number?
True
Let y = -1 - -3. Is (y - 9344/6)/(27/(-81)) prime?
False
Suppose 192*s = -7*s + 15336917 + 18580842. Is s prime?
True
Suppose -3*s = 4*u - 62230 - 303666, -3*u + 4*s + 274422 = 0. Is u composite?
True
Suppose -c + 3 = 2, c = 3*t - 6755. Let r be 26/8 - (-2)/(-8). Suppose 4*i + o + r*o = 1816, t = 5*i - o. Is i prime?
False
Suppose 0 = 5*j - 2*d - 1221175, -5*d - 1216961 = -5*j + 4214. Is j a composite number?
True
Suppose -193*d + 198*d - 5*v - 800705 = 0, 0 = 2*d + 4*v - 320282. Is d prime?
True
Let s(r) = 108*r**2 + 56*r + 73. Is s(-30) a composite number?
True
Let z = -31794 + 95233. Is z composite?
False
Suppose -5*h = 119 - 159. Let y(w) = 6*w**3 + 6*w**2 + 16*w + 29. Is y(h) a prime number?
True
Suppose 0 = k + 47 - 67. Is k/12 - (-78740)/15 a composite number?
True
Let g(y) = 990*y - 38. Let p be g(-14). Let w be 1*3/(-6)*(4 + p). Suppose 12 = 4*i, 2*b + 5*i = -2*b + w. Is b a prime number?
True
Suppose 22616 = 2*o - 5*f, -3*f + 47978 - 2746 = 4*o. Let d = -7055 + o. Is d a composite number?
False
Let r(s) = s**2 + s + 3. Let v be r(5). Suppose v*h - 36*h = -12147. Is h a composite number?
False
Let y(v) = 28700*v**2 + 32*v + 45. Is y(-2) a composite number?
False
Let x be (-989)/(-21) + 38/(-399). Suppose -x*r + 63483 + 107644 = 0. Is r a composite number?
True
Let m = -281766 - -487837. Is m composite?
True
Is ((-105657678)/84)/((-6)/4) prime?
True
Suppose 0 = 331*r - 368*r. Let f = 63 + 185. Suppose -3*s + f + 19 = r. Is s a composite number?
False
Let a(m) be the first derivative of -m**4/4 + 6*m**3 + 8*m**2 + 95*m - 262. Is a(16) composite?
False
Suppose 973 = 6*r + r. Suppose 379 - r = 4*i + 4*w, 5*i - 5*w - 270 = 0. Suppose -54*b + i*b = 2931. Is b prime?
True
Suppose 403728 = -97*a + 3603661. Is a a prime number?
False
Let s(f) = 8778*f**2 - f - 1. Let n be s(2). Suppose 9*p - n = 18063. Suppose -22*t = -26*t + p. Is t a prime number?
False
Suppose -6086*h + 6103*h - 61104409 = 0. Is h composite?
False
Suppose 0 = -f + 3*i - 2062 - 1584, -2*i = 3*f + 10894. Let j = f + 6480. Is j/12 + (-5)/30 a prime number?
False
Let t(v) = -v**2 + 8*v + 13. Let o be t(9). Suppose o*r = 5*p - 222 - 83, 122 = 2*p - r. Suppose -s - p = -348. Is s a composite number?
True
Let a(h) = 29*h**3 - h**2 + h. Let u be a(1). Suppose 33*r - u*r = -608. Let j = r - -238. Is j composite?
True
Let x(h) = 2422*h**2 - 11*h + 12. Let d be x(-6). Suppose 3*u + d - 362559 = 0. Is u a composite number?
True
Is 1519972/10 - 576/(-320) composite?
True
Suppose 0 = 5*m + z + 1573, 2*m + 0*z + 637 = -3*z. Let i = m - -871. Is i prime?
True
Let b(f) = 4 - 608*f**2 + 300*f**2 + 287*f**2 + 2*f**3 + 2*f**3 + 16*f. Is b(17) a prime number?
True
Suppose -s - 2*s - 231 = 0. Suppose 2*f + 1874 = -4*x, 4*f + 19 = -1. Let o = s - x. Is o a prime number?
True
Let f(y) = -5693*y**2 + 10*y - 7. Let x(g) = -11386*g**2 + 22*g - 15. Let v(z) = -13*f(z) + 6*x(z). Is v(-2) a prime number?
True
Let s(v) = 5*v**2 - 19*v - 4. Let c be s(4). Suppose c*k = 4*k - 1228. Is k a composite number?
False
Let h be ((-7)/(-14))/((-1)/(-10)). Suppose -5*w - 10600 = -h*q, -8*q = -3*q + 2*w - 10593. Is q prime?
False
Let y be 6731 - ((4 - 3) + 0). Suppose 4*d = -5*g + 17983, -5*g + y - 29265 = -5*d. Suppose 6*i - d = i + 3*v, i - 898 = 3*v. Is i composite?
True
Let u(k) = -70876*k**3 + 34*k**2 + 70*k - 5. Is u(-2) a composite number?
False
Let o be (1/(3/(-2)))/(18/(-135)). Is (5 - 21/5) + 48041/o prime?
False
Suppose -4*u + 31231 = -q, -3*u + 3*q = 8*q - 23406. Is u composite?
True
Let j = -930 - -538. Is j/1372 + (11972/7 - -1) composite?
True
Suppose 82217 = 5*q + 4*u, 3*u = -0*u + 9. Suppose d - 9730 = q. Is d prime?
True
Suppose 4*y + 32 = 4*v, 5*v = 2*v - 4*y + 24. Suppose v*k - 7*k = -4*g + 43065, -5*g = 5*k - 53850. Is g prime?
False
Suppose -p + 723160 = -2*d + 104193, 2*p = -3*d + 1237948. Is p a composite number?
False
Suppose r + 15 = 18. Suppose r = 5*x - 17. Is x/6*(11 - -508) a composite number?
True
Suppose -3*m + 6170 = -z, -9*z = 5*m - 8*z - 10278. Is ((-1275)/100)/((-6)/m) prime?
False
Suppose 45*h + 817634 = 1002318 + 2433821. Is h prime?
True
Let g = 83749 - -10294. Is g a prime number?
False
Suppose -3703*j + 3699*j = -2095532. Is j a prime number?
False
Let l(m) = -359*m - 104. Let c be (-72)/162 - 77/9. Is l(c) composite?
True
Suppose -273119 = -3*s + 6*v + 940888, 3*s - 1214011 = 2*v. Is s composite?
False
Let i(p) be the first derivative of p**4/4 + 5*p**3 + 9*p**2/2 + 26*p - 17. Is i(-13) prime?
False
Is (0 - 239271/15)/(11/(-55)) a composite number?
False
Suppose q - 28 = -25. Let h be (-2)/(q + -4) - -2. Suppose 5*y = -h*y + 477. Is y a prime number?
True
Suppose 3 - 373 = 5*r + 5*b, 5*r + b = -354. Is 20/r - ((-31845)/7 - -2) a composite number?
False
Let x be 440/(-6)*(1 + 33/(-15)). Suppose 0*p = 2*f - 2*p - x, 3*p - 78 = -2*f. Suppose -40*m = -f*m + 818. Is m a composite number?
False
Let c(r) = 197*r**2 - 98*r - 1252. Is c(-11) composite?
False
Let w be ((-20)/25)/(2/(-6140)). Let b = w - -1438. Suppose 3*c = -3*c + b. Is c a composite number?
True
Let a = 27713 - 18474. Is a composite?
False
Let n = -60 - -63. Suppose 5*z + 8*h = 3*h + 1960, n*z + 4*h = 1176. Is (2 + -1)*0 - z/(-8) prime?
False
Suppose -5*i = 5*m - 45, -5*i - 2*m = -41 + 11. Suppose u + 9 = -0*u - g, 5*u = -i*g - 40. Is u + 1 + 81 + 1 a composite number?
False
Suppose -90*f = -92*f - 52. Let n be (f + 27)/(1/1604). Suppose -28*s + 24*s + n = 0. Is s composite?
False
Let f(g) = 25*g**2 - 2*g + 3. Let w = 90 - 80. Is f(w) a prime number?
False
Suppose 32008 - 2529 = 37*a + 4*a. Is a composite?
False
Let x(m) = 135*m + 1913. Is x(-12) a composite number?
False
Let j(t) be the first derivative of 23*t**3/3 + 3*t**2/2 + 11*t - 2. Let v(i) = -i**3 - 17*i**2 + 2*i + 43. Let o be v(-17). Is j(o) prime?
True
Is ((-44)/(-6))/(-11) + (-155030)/(-30) a composite number?
False
Suppose 3*a - 3*o - 88156 = -26356, o = 2*a - 41199. Is a composite?
False
Suppose 0 = -4*o - 8, 502648 = 2*c - 0*o + 5*o. Is c a composite number?
True
Let x(j) = 28*j**2 + 56*j - 21. Let d(s) = -9*s**2 - 19*s + 7. Let c(t) = -7*d(t) - 2*x(t). Suppose 0*w + 3*w = -h - 45, 0 = 2*w - 2*h + 30. Is c(w) composite?
True
Suppose -b - 3*g - 13 = 0, -2*b = -0*b - g - 9. Suppose b*d - 55 = 11. Is d prime?
False
Let d(g) = 8*g - 43. Let k be d(6). Suppose -t = k, -t - 124 = -4*i + 3*t. Suppose -251 = -27*j + i*j. Is j composite?
False
Let d(c) = -3726*c**3 - 6*c**2 - 10*c + 13. Is d(-3) a composite number?
False
Let q be 2/(-3)*(-39)/2. Let j = q - -1. Suppose -17*m + j*m + 1311 = 0. Is m composite?
True
Let m be (-3 + 5/2)*(-8 + 8). Is ((-1562)/(-44))/(1 + m)*10 composite?
True
Let a(d) = 1753*d**3 - 5*d**2 + 5*d - 3. Let c be a(2). Suppose 4064 = 25*u - c. Is u a prime number?
False
Let b(x) = 2*x**2 - 16*x + 12. Let c be b(-12). Suppose 2*j = 4*s + c, -4*j + 0*j = 5*s - 1036. Is j a composite number?
True
Let y = -3816 - -6448. Suppose -13*n + 26467 - 7604 = 0. Let j = y - n. Is j prime?
True
Let x be (2 + -5)/((-6)/(-364)). Is 19729/7 - 104/x a prime number?
True
Let f(k) = 2*k - 18. Let n be f(7). Let c be ((-32)/(-20))/n*45. Is c/12*(-1112)/12 a composite number?
False
Suppose 4*s - 42 + 30 = 0. Suppose 2*q = x - 15057, -s*x + 6*q - q = -45170. Is x prime?
False
Let i(d) = 2198*d - 5. Let v(c) = 3*c - 40. Let n be v(14). Is i(n) a composite number?
False
Let k(x) = x**2 + 7*x - 2. Let s = 14 - 20. Let f be k(s). Let c(l) = -195*l - 5. Is c(f) prime?
False
Let t(q) = 49*q**2 - 12*q + 57. Let k be t(8). Suppose -23*l = -4*l - k. Is l a prime number?
True
Let w(q) = 5*q - 2. Let c be w(1). Suppose 0 = c*x - x - y + 831, -y = -x - 414. Let d = x + 1030. Is d a composite number?
False
Suppose k - 4580 - 11406 = 0. Is (k/8)/((-41)/(-164)) a composite number?
False
Suppose 3*q + z + 17 = 0, -4*q = -2*q + 5*z - 6. Let x(f) = -8*f**3 - 10*f**2 - 16*f - 33. Is x(q) a composite number?
False
Suppose 12 = -8*l + 28. Is 86716/8 - l/4 a prime number?
False
Let t(a) = 2*a - 10. Let x be t(5). Let l be -6 + (0 - x) + 0. Is (-